
165
What is the remainder when 3458 is divided by 572?
26
What is the remainder when 31486 is divided by 2621?
34
What is the remainder when 31308 is divided by 64?
12
Calculate the remainder when 42349 is divided by 1176.
13
Calculate the remainder when 26133 is divided by 38.
27
Calculate the remainder when 8426 is divided by 4213.
0
Calculate the remainder when 16309 is divided by 216.
109
What is the remainder when 1609250 is divided by 34?
30
What is the remainder when 92985 is divided by 949?
932
What is the remainder when 301864 is divided by 149?
139
Calculate the remainder when 19333 is divided by 6441.
10
What is the remainder when 60074 is divided by 57?
53
What is the remainder when 519 is divided by 72?
15
Calculate the remainder when 2607 is divided by 109.
100
What is the remainder when 450842 is divided by 67?
66
What is the remainder when 8340 is divided by 286?
46
Calculate the remainder when 1258 is divided by 31.
18
What is the remainder when 4509 is divided by 4501?
8
What is the remainder when 599094 is divided by 17?
14
What is the remainder when 6825 is divided by 3374?
77
What is the remainder when 6958 is divided by 149?
104
Calculate the remainder when 804 is divided by 255.
39
What is the remainder when 125278 is divided by 270?
268
What is the remainder when 294993 is divided by 14?
13
What is the remainder when 2068 is divided by 1011?
46
Calculate the remainder when 38743 is divided by 732.
679
What is the remainder when 5587 is divided by 2582?
423
What is the remainder when 3928809 is divided by 23?
18
Calculate the remainder when 4574 is divided by 82.
64
What is the remainder when 5843 is divided by 302?
105
What is the remainder when 16153 is divided by 7972?
209
What is the remainder when 18157 is divided by 92?
33
What is the remainder when 22508 is divided by 433?
425
Calculate the remainder when 11018 is divided by 47.
20
What is the remainder when 3926 is divided by 8?
6
What is the remainder when 131706 is divided by 87?
75
What is the remainder when 134483 is divided by 9?
5
What is the remainder when 112480 is divided by 6?
4
What is the remainder when 9329 is divided by 223?
186
Calculate the remainder when 2579130 is divided by 1414.
1408
What is the remainder when 21821 is divided by 204?
197
Calculate the remainder when 9083 is divided by 1814.
13
Calculate the remainder when 11818 is divided by 11201.
617
Calculate the remainder when 297833 is divided by 3.
2
Calculate the remainder when 10943 is divided by 2187.
8
Calculate the remainder when 41650 is divided by 508.
502
What is the remainder when 22618 is divided by 410?
68
Calculate the remainder when 19916 is divided by 77.
50
What is the remainder when 12192 is divided by 1006?
120
What is the remainder when 1476 is divided by 51?
48
Calculate the remainder when 355374 is divided by 152.
150
What is the remainder when 457 is divided by 230?
227
What is the remainder when 13915 is divided by 348?
343
What is the remainder when 2017 is divided by 542?
391
Calculate the remainder when 245399 is divided by 1227.
1226
Calculate the remainder when 11566 is divided by 1307.
1110
What is the remainder when 72664 is divided by 55?
9
Calculate the remainder when 7236 is divided by 2244.
504
Calculate the remainder when 110104 is divided by 61.
60
What is the remainder when 4930719 is divided by 2141?
2137
Calculate the remainder when 1632 is divided by 259.
78
Calculate the remainder when 1007 is divided by 487.
33
What is the remainder when 378965 is divided by 522?
515
Calculate the remainder when 8625 is divided by 1436.
9
Calculate the remainder when 1240 is divided by 863.
377
What is the remainder when 117932 is divided by 1661?
1
What is the remainder when 3996 is divided by 978?
84
What is the remainder when 41287 is divided by 26?
25
Calculate the remainder when 2243222 is divided by 5.
2
What is the remainder when 2302 is divided by 766?
4
What is the remainder when 2100 is divided by 569?
393
Calculate the remainder when 20223 is divided by 134.
123
Calculate the remainder when 23029 is divided by 98.
97
Calculate the remainder when 35187 is divided by 46.
43
What is the remainder when 76248 is divided by 777?
102
Calculate the remainder when 1519 is divided by 1501.
18
Calculate the remainder when 3860 is divided by 553.
542
What is the remainder when 6968 is divided by 303?
302
What is the remainder when 133912 is divided by 55?
42
What is the remainder when 88399 is divided by 173?
169
What is the remainder when 5066 is divided by 2091?
884
Calculate the remainder when 94606 is divided by 577.
555
What is the remainder when 87869 is divided by 77?
12
What is the remainder when 17534 is divided by 16?
14
Calculate the remainder when 6656 is divided by 196.
188
What is the remainder when 31152 is divided by 2831?
11
What is the remainder when 2563 is divided by 112?
99
Calculate the remainder when 668 is divided by 348.
320
Calculate the remainder when 6468 is divided by 424.
108
Calculate the remainder when 696670 is divided by 59.
57
Calculate the remainder when 254277 is divided by 978.
975
Calculate the remainder when 739154 is divided by 107.
105
Calculate the remainder when 25111 is divided by 66.
31
Calculate the remainder when 1530 is divided by 310.
290
Calculate the remainder when 335591 is divided by 3570.
11
Calculate the remainder when 164861 is divided by 6594.
11
Calculate the remainder when 72065 is divided by 1221.
26
What is the remainder when 2705711 is divided by 38?
35
What is the remainder when 1665 is divided by 545?
30
Calculate the remainder when 367839 is divided by 122574.
117
What is the remainder when 3525 is divided by 1041?
402
Calculate the remainder when 11166 is divided by 9.
6
What is the remainder when 2485 is divided by 254?
199
Calculate the remainder when 31724 is divided by 373.
19
What is the remainder when 548994 is divided by 78427?
5
What is the remainder when 22381 is divided by 61?
55
What is the remainder when 388217 is divided by 25?
17
Calculate the remainder when 79818 is divided by 849.
12
Calculate the remainder when 91360 is divided by 22839.
4
What is the remainder when 1981 is divided by 306?
145
What is the remainder when 3875 is divided by 298?
1
Calculate the remainder when 35167 is divided by 496.
447
What is the remainder when 31502 is divided by 6267?
167
What is the remainder when 18126 is divided by 159?
0
Calculate the remainder when 24125 is divided by 59.
53
Calculate the remainder when 42493 is divided by 21237.
19
Calculate the remainder when 21759 is divided by 397.
321
What is the remainder when 343895 is divided by 95?
90
Calculate the remainder when 33929 is divided by 29.
28
Calculate the remainder when 325939 is divided by 119.
117
What is the remainder when 21860 is divided by 70?
20
Calculate the remainder when 75706 is divided by 335.
331
What is the remainder when 25 is divided by 11?
3
Calculate the remainder when 18341 is divided by 28.
1
What is the remainder when 9156 is divided by 3039?
39
What is the remainder when 1307 is divided by 268?
235
Calculate the remainder when 78410 is divided by 126.
38
Calculate the remainder when 111393 is divided by 13916.
65
What is the remainder when 538271 is divided by 32?
31
Calculate the remainder when 113303 is divided by 313.
310
What is the remainder when 6085 is divided by 55?
35
What is the remainder when 115604 is divided by 1299?
1292
Calculate the remainder when 549 is divided by 13.
3
What is the remainder when 9130 is divided by 8002?
1128
Calculate the remainder when 2710041 is divided by 18.
15
What is the remainder when 4512 is divided by 1096?
128
Calculate the remainder when 3094 is divided by 777.
763
Calculate the remainder when 256803 is divided by 198.
195
Calculate the remainder when 2342002 is divided by 142.
138
Calculate the remainder when 22039 is divided by 1224.
7
What is the remainder when 17175 is divided by 14?
11
Calculate the remainder when 19597 is divided by 54.
49
What is the remainder when 2315935 is divided by 13?
11
What is the remainder when 37861 is divided by 90?
61
What is the remainder when 1417401 is divided by 169?
167
Calculate the remainder when 25408 is divided by 12